me factors of 177216.
2, 3, 13, 71
What are the prime factors of 24500?
2, 5, 7
What are the prime factors of 693?
3, 7, 11
List the prime factors of 196987.
7, 107, 263
List the prime factors of 1008.
2, 3, 7
What are the prime factors of 3963?
3, 1321
List the prime factors of 1177.
11, 107
List the prime factors of 1391.
13, 107
What are the prime factors of 11724?
2, 3, 977
What are the prime factors of 1244?
2, 311
List the prime factors of 43067.
43067
List the prime factors of 21242.
2, 13, 19, 43
List the prime factors of 23411.
41, 571
What are the prime factors of 1366?
2, 683
What are the prime factors of 792?
2, 3, 11
What are the prime factors of 5833?
19, 307
What are the prime factors of 9857?
9857
List the prime factors of 123140.
2, 5, 47, 131
List the prime factors of 20511.
3, 43, 53
What are the prime factors of 2131?
2131
What are the prime factors of 75585?
3, 5, 5039
What are the prime factors of 427?
7, 61
List the prime factors of 5536.
2, 173
List the prime factors of 5438.
2, 2719
What are the prime factors of 2447?
2447
What are the prime factors of 2118?
2, 3, 353
What are the prime factors of 79?
79
What are the prime factors of 2582?
2, 1291
List the prime factors of 28089.
3, 3121
List the prime factors of 26342.
2, 13171
List the prime factors of 1937.
13, 149
What are the prime factors of 1414?
2, 7, 101
List the prime factors of 1576.
2, 197
List the prime factors of 6275.
5, 251
List the prime factors of 2648.
2, 331
What are the prime factors of 21133?
7, 3019
What are the prime factors of 8664?
2, 3, 19
What are the prime factors of 4590?
2, 3, 5, 17
What are the prime factors of 3036?
2, 3, 11, 23
List the prime factors of 4106.
2, 2053
List the prime factors of 8035.
5, 1607
List the prime factors of 1439.
1439
List the prime factors of 22786.
2, 11393
List the prime factors of 69.
3, 23
List the prime factors of 3656.
2, 457
List the prime factors of 85516.
2, 21379
List the prime factors of 4420.
2, 5, 13, 17
What are the prime factors of 150?
2, 3, 5
What are the prime factors of 639?
3, 71
List the prime factors of 4529.
7, 647
List the prime factors of 875.
5, 7
What are the prime factors of 364?
2, 7, 13
What are the prime factors of 4442?
2, 2221
What are the prime factors of 12507?
3, 11, 379
List the prime factors of 729.
3
What are the prime factors of 10152?
2, 3, 47
List the prime factors of 5899.
17, 347
What are the prime factors of 166249?
83, 2003
What are the prime factors of 2310?
2, 3, 5, 7, 11
What are the prime factors of 16501?
29, 569
List the prime factors of 979.
11, 89
List the prime factors of 5347.
5347
What are the prime factors of 4643?
4643
What are the prime factors of 7212?
2, 3, 601
What are the prime factors of 755?
5, 151
List the prime factors of 10491.
3, 13, 269
What are the prime factors of 4475?
5, 179
List the prime factors of 6149.
11, 13, 43
List the prime factors of 8154.
2, 3, 151
What are the prime factors of 21136?
2, 1321
List the prime factors of 246.
2, 3, 41
What are the prime factors of 18053?
7, 2579
What are the prime factors of 1306?
2, 653
What are the prime factors of 829?
829
What are the prime factors of 4789?
4789
What are the prime factors of 2798?
2, 1399
List the prime factors of 41250.
2, 3, 5, 11
What are the prime factors of 134168?
2, 31, 541
What are the prime factors of 11792?
2, 11, 67
What are the prime factors of 2974?
2, 1487
What are the prime factors of 32329?
11, 2939
List the prime factors of 79605.
3, 5, 29, 61
What are the prime factors of 27901?
27901
List the prime factors of 11078.
2, 29, 191
List the prime factors of 2872.
2, 359
What are the prime factors of 8478?
2, 3, 157
List the prime factors of 2684.
2, 11, 61
What are the prime factors of 15391?
15391
List the prime factors of 2632.
2, 7, 47
What are the prime factors of 7342?
2, 3671
What are the prime factors of 16968?
2, 3, 7, 101
What are the prime factors of 1232?
2, 7, 11
List the prime factors of 4066.
2, 19, 107
List the prime factors of 60638.
2, 30319
What are the prime factors of 1010?
2, 5, 101
List the prime factors of 14561.
14561
List the prime factors of 4676.
2, 7, 167
List the prime factors of 39812.
2, 37, 269
List the prime factors of 21557.
21557
What are the prime factors of 309?
3, 103
What are the prime factors of 7903?
7, 1129
What are the prime factors of 32673?
3, 10891
What are the prime factors of 89036?
2, 22259
What are the prime factors of 51936?
2, 3, 541
List the prime factors of 16120.
2, 5, 13, 31
What are the prime factors of 693?
3, 7, 11
List the prime factors of 22743.
3, 7, 19
What are the prime factors of 3649?
41, 89
What are the prime factors of 12300?
2, 3, 5, 41
What are the prime factors of 145538?
2, 53, 1373
What are the prime factors of 44137?
19, 23, 101
What are the prime factors of 456?
2, 3, 19
List the prime factors of 2075.
5, 83
List the prime factors of 1424.
2, 89
What are the prime factors of 90517?
7, 67, 193
List the prime factors of 6238.
2, 3119
What are the prime factors of 8020?
2, 5, 401
List the prime factors of 14351.
113, 127
What are the prime factors of 1670?
2, 5, 167
What are the prime factors of 2724?
2, 3, 227
List the prime factors of 754.
2, 13, 29
What are the prime factors of 31763?
23, 1381
List the prime factors of 9253.
19, 487
What are the prime factors of 607?
607
What are the prime factors of 4456?
2, 557
List the prime factors of 2446.
2, 1223
What are the prime factors of 26093?
97, 269
What are the prime factors of 50440?
2, 5, 13, 97
List the prime factors of 5574.
2, 3, 929
List the prime factors of 258.
2, 3, 43
List the prime factors of 17473.
101, 173
List the prime factors of 43830.
2, 3, 5, 487
What are the prime factors of 94285?
5, 109, 173
What are the prime factors of 1186?
2, 593
What are the prime factors of 3297?
3, 7, 157
List the prime factors of 30466.
2, 15233
What are the prime factors of 18152?
2, 2269
What are the prime factors of 13164?
2, 3, 1097
What are the prime factors of 2631?
3, 877
What are the prime factors of 2097?
3, 233
List the prime factors of 105773.
19, 293
List the prime factors of 6223.
7, 127
List the prime factors of 1518.
2, 3, 11, 23
List the prime factors of 1052.
2, 263
What are the prime factors of 1953?
3, 7, 31
What are the prime factors of 5707?
13, 439
List the prime factors of 2898.
2, 3, 7, 23
What are the prime factors of 5866?
2, 7, 419
What are the prime factors of 20033?
13, 23, 67
List the prime factors of 379.
379
What are the prime factors of 24817?
13, 23, 83
List the prime factors of 50709.
3, 16903
What are the prime factors of 93533?
11, 773
List the prime factors of 67740.
2, 3, 5, 1129
List the prime factors of 1054.
2, 17, 31
What are the prime factors of 56268?
2, 3, 521
List the prime factors of 2030.
2, 5, 7, 29
What are the prime factors of 201?
3, 67
List the prime factors of 2163.
3, 7, 103
List the prime factors of 14300.
2, 5, 11, 13
What are the prime factors of 99665?
5, 31, 643
What are the prime factors of 1544?
2, 193
What are the prime factors of 1359?
3, 151
List the prime factors of 5271.
3, 7, 251
What are the prime factors of 7197?
3, 2399
What are the prime factors of 168?
2, 3, 7
What are the prime factors of 123249?
3, 7, 5869
What are the prime factors of 801?
3, 89
List the prime factors of 25170.
2, 3, 5, 839
List the prime factors of 82708.
2, 23, 29, 31
List the prime factors of 1247.
29, 43
What are the prime factors of 5457?
3, 17, 107
What are the prime factors of 767?
13, 59
What are the prime factors of 120994?
2, 60497
What are the prime factors of 113267?
7, 11, 1471
List the prime factors of 14162.
2, 73, 97
What are the prime factors of 4198?
2, 2099
What are the prime factors of 1670?
2, 5, 167
List the prime factors of 73870.
2, 5, 83, 89
List the prime factors of 28132.
2, 13, 541
List the prime factors of 65305.
5, 37, 353
List the prime factors of 9074.
2, 13, 349
What are the prime factors of 3661?
7, 523
What are the prime factors of 38136?
2, 3, 7, 227
List the prime factors of 32691.
3, 17, 641
What are the prime factors of 12106?
2, 6053
What are the prime factors of 55092?
2, 3, 4591
What are the prime factors of 774?
2, 3, 43
What are the prime factors of 69?
3